) = n**2 - 1. Let l(b) = z*w(b) + q(b). Calculate l(-3).
7
Let w(d) = d**2 + 4*d + 2. Let k be (-2)/(-7) - 6/21. Let x = -4 - k. What is w(x)?
2
Let x(k) = -5*k + 8. Let l(h) = 2*h - 3. Let c(i) = -5*l(i) - 3*x(i). Calculate c(6).
21
Let x(l) = l**3 - 14*l**2 + 13*l + 1. Let p be ((-5)/(-10))/((-1)/(-26)). Let r be x(p). Let q(m) = -2*m - m**2 + 10*m**3 - m + 4*m. What is q(r)?
10
Let f(g) be the first derivative of g**7/840 + g**6/180 + g**4/12 - 5*g**3/3 - 5. Let z(y) be the third derivative of f(y). Let k = 6 - 8. Give z(k).
2
Suppose -6*s + 4 = -26. Let r(t) = -t**3 + 5*t**2 - 1. Calculate r(s).
-1
Suppose -4*l + 0 + 8 = 0. Let b(q) = 2 + 4*q - 1 + 2*q**2 + l*q. Determine b(-4).
9
Let u be (4/(-1))/((-4)/6). Let r(h) = -h**3 + 6*h**2 - h + 3. Determine r(u).
-3
Let h(n) = -n - 1. Let w(u) = -1. Let g(o) = 2*o - 7. Let k be g(5). Let c = 2 - 3. Let t(s) = c*h(s) + k*w(s). What is t(3)?
1
Let h(u) = 3*u**2 + 3*u - 13. Let p(y) = 10*y**2 + 10*y - 38. Let s(t) = -7*h(t) + 2*p(t). Calculate s(0).
15
Let m(z) = 8*z**2 + 1. Let t = -1 + 1. Suppose h - 9 = 4*k, -4*k + t*k - 24 = -4*h. Give m(k).
9
Let j(v) = 6*v**2 + 2*v + 2. Let l be j(-1). Let p(q) = -q - 8. Give p(l).
-14
Let s(i) = -9*i - 4. Let b(m) = 8*m + 3. Let h(g) = -7*b(g) - 6*s(g). Determine h(4).
-5
Let d(k) = -k + 11. Let i be d(10). Let o(g) be the second derivative of -g**3 + g**2/2 - 2*g. What is o(i)?
-5
Suppose l + 3 = 5*w - 11, 4*w = 3*l + 20. Let a(x) = -x - 2. Give a(w).
-4
Let w(f) = -f**3 - 2*f**2 + f - 1. Let z(v) = v**3 - 7*v**2 - 3. Let a be z(7). Calculate w(a).
5
Let t be 1/(1 + 6/(-9)). Let h(d) = -1 + 2*d - d + t*d. Calculate h(-2).
-9
Let w(r) = -r**2 - 6*r - 1. Suppose k = 4*f - 13, k = -k - 5*f + 39. Suppose k = 2*n - y, 4*y = -4*n + 5*n. Suppose -5*g = -n*p - 11 - 1, g = 0. Calculate w(p).
8
Let h(o) = o**3 - 11*o**2 + o - 10. Let f be h(11). Let q(r) = 4*r - 3. Let y(k) = -7*k + 7. Let c(i) = -5*q(i) - 2*y(i). Determine c(f).
-5
Let t(y) = 7*y. Suppose 3*j - 6*j + 4 = -5*l, -2*l + 14 = 4*j. Let s be 2 - l - 0 - 2. Determine t(s).
-7
Let b(n) = -n**3 - 6*n**2 - 5*n + 5. Let m be -2 + (-1 - -7) + 0. Suppose m*k - 165 = 5*k. Let i be (-2)/7 + k/35. Calculate b(i).
5
Let w be ((-2)/7)/((-4)/28). Let c(m) = -w + 0 + 7 + m**2 - 3 - 6*m. What is c(5)?
-3
Let b(j) = -j**2 + 4*j + 0 - 2 + 3. Let d be b(5). Let k(h) = 0*h - h - h**2 - 4*h + 1 + h. Give k(d).
1
Let b = -6 + 1. Let x = -1 + 4. Let t(u) = 1 - u - x - 4. What is t(b)?
-1
Let s(t) = -t - 10. Let p = 5 - 10. Calculate s(p).
-5
Let o(r) = -r. Let q(m) = m - 2. Let x be q(2). Let n = -3 + x. What is o(n)?
3
Let d be (-16)/(-12)*(-3)/(-2). Suppose 12 = -d*z - z. Let h(o) = -o**3 - 4*o**2 + 3*o + 1. What is h(z)?
-11
Suppose 8*a = a + 42. Let m(l) = l - 7. Let w(x) = -x + 7. Let u(g) = 6*m(g) + 5*w(g). Calculate u(a).
-1
Let q(l) = -l. Let a be (-2)/(-4)*(5 - 9). Let p be 2/(-1 + (-2 - a)). What is q(p)?
2
Let m(n) be the second derivative of n**3/3 - 3*n**2/2 + n. Calculate m(4).
5
Let m(s) = -s**2 - 2*s. Let f be 40/(-15) - (-2)/(-6). Let h = 0 + f. Let d be (h/(-2))/((-2)/4). Give m(d).
-3
Let g(a) = a**2 - 3*a + 6. Let y(n) = -n. Let f(b) = -g(b) - 5*y(b). Let l = -23 + 29. Calculate f(l).
6
Let r(t) = -4*t + 3. Let h be r(2). Let q(z) be the second derivative of -z**4/24 - z**3/3 - z**2/2 - 6*z. Let x(u) be the first derivative of q(u). Give x(h).
3
Suppose 4*j = -3*a - 2*a - 10, -3*a = -5*j + 43. Let u(r) = -r**2 + 0*r**2 + r - 7*r + r + 2. Calculate u(a).
-4
Let a(o) be the first derivative of 7*o**2 - o**2 - 2 - 2*o - 4*o**2. Calculate a(3).
10
Suppose 0 = -2*z - z - 2*l + 31, 3*z - 5*l = 38. Suppose -r = -6*r + m + z, -5*m - 1 = 2*r. Let s(w) = 0*w**2 - 1 + 2*w**r - w**3 - 5*w**3. Calculate s(-1).
7
Let g(d) = d + 1. Let u(r) = -4*r - 3. Let j(i) = -8*g(i) - 3*u(i). Calculate j(-1).
-3
Let l(c) = -c**3 + c**2 - 2*c + 3. Let s(x) = x**2 - 2*x. Let y be s(2). Suppose y = -2*j + 2 + 2. What is l(j)?
-5
Let x(c) be the second derivative of -c**3/6 - c**2/2 + 21*c. Give x(-2).
1
Let c(k) = -k**2 - 4*k + 5. Suppose 3*d - 525 = -195. Suppose 0 = -4*q, 0*q + d = 5*y + q. Suppose 4*f - 6 + y = 3*i, -3*f = -5*i + 12. What is c(f)?
5
Let p = -8 - -5. Let r be 0 + 0 + p*1. Let x(u) = -u**2 + 4*u + 8. Let k(m) = -m - 1. Let v(t) = 4*k(t) + x(t). Determine v(r).
-5
Suppose 9 = 5*r - 2*r. Let p(v) = -4 - 5*v + 6*v**2 + 2*v**3 + v**2 - 4*v**3. Let u(o) = o**3 - o**2. Let y(g) = r*u(g) + p(g). Determine y(-5).
-4
Let k(m) = m**3 + 6*m**2 - 6*m - 3. Let v be k(-7). Let j(x) = x**3 + 9*x**2 - 9*x + 12. What is j(v)?
2
Let k(v) = -v**2 - 9*v - 17. Let a be k(-7). Let g(r) = -r**2 - r + 1. Let x(p) = p**3 + p**2 - 3*p + 2. Let t(h) = 3*g(h) - x(h). Determine t(a).
-8
Let l be (-9 - (-6 - 0))/((-9)/6). Let w(n) = 3*n - 2. Give w(l).
4
Suppose 4*i - 10 = -2. Let g(f) = -f**2 + 6*f - 3. Give g(i).
5
Let q be 203/28 + (-2)/8. Let x(h) = 1 + q - 4*h + h - 2. Give x(4).
-6
Let q(m) be the third derivative of -5*m**4/12 + m**3/6 + 23*m**2. What is q(1)?
-9
Let g(p) = p**3 - 7*p**2 + p - 4. Suppose -11*z + 119 = 6*z. Give g(z).
3
Let b be (2 + -4)/(7/((-14)/(-4))). Let x(c) = 3 - 9*c**2 - 2 + 0. Calculate x(b).
-8
Let q(v) = 2 + 2*v - v - 3*v**2 - 4*v. Calculate q(-3).
-16
Let c(f) = -f**3 + 8*f**2 - 6*f - 2. Suppose -106 = -10*q - 36. Give c(q).
5
Let y(s) = 4 + 6 - 16*s - 12 + 3. Give y(1).
-15
Let i(u) = -2*u + 3*u + u - u - 1. Let l(r) = r**3 - 4*r**2 - 3*r - 5. Let p(v) = -2*i(v) + l(v). Calculate p(5).
-3
Let n(w) = -w - 13 - 2*w**2 + 13. Suppose -2*r = 2*k + 4, 0 = -8*r + 3*r + 2*k + 11. What is n(r)?
-3
Let z(n) = n**3 + n - 4. Let a(m) = -2*m - 20. Let x be a(-11). Suppose w + i - 5 = 0, 1 = -x*w + i - 4. Calculate z(w).
-4
Let s be 6 - (0 - (-3 + 0)). Let g(r) = -s + r**2 + r**2 + 2. Determine g(1).
1
Let o(u) = -11 + 5 + 14 + u. Give o(-8).
0
Let f(w) = -w**2 - 1. Let y(n) = -3*n**2 + 2*n**2 - 5*n**3 + 6*n**3 - n - 1 - 3*n. Let h(q) = 2*f(q) + y(q). What is h(4)?
-3
Let k(q) = 2*q - 9. Let w be 6/((-5)/(15/(-6))). Suppose -w*p + 17 - 5 = 0. Suppose -5*y + 34 = p. Determine k(y).
3
Let y = 4 - 8. Let f(z) = z**2 + 6*z + 3. Give f(y).
-5
Let b(n) = -12 - 5*n + 215*n**2 - 206*n**2 + n**3 + 3*n. What is b(-9)?
6
Let x(c) = c**2 + 15*c + 1. Let v(s) = -3 - s**2 + 6 + 3*s**2 + 29*s. Let r(g) = -6*v(g) + 11*x(g). Determine r(-7).
7
Let p be -4 + 2 + (-2)/1. Let h = 7 + p. Let u(x) = -8*x**h + x**2 - 1 - 2*x - x**2. Give u(-1).
9
Let r(o) be the first derivative of o**3/3 - o**2 - 3*o + 1. Suppose 0 = 3*h - 0*h. Let a be 3/9*(h - 6). Calculate r(a).
5
Let b(q) = 4*q + 3 + q**2 - 2*q**2 - 2. Suppose 4*i = 5*d - 42 + 15, 3*i = -9. What is b(d)?
4
Let r = 9 - 8. Let g be r/4 - 26/8. Let q(i) = -i - 1. Determine q(g).
2
Let y(l) = -5*l + 1. Let g be 8/(-32) + 13/4. What is y(g)?
-14
Let s = -170 - -165. Let c(a) be the third derivative of -a**4/24 - 7*a**3/6 - a**2. Calculate c(s).
-2
Let u(y) = 2*y**3 - 4*y**2 - y**3 + 3*y**2 + y + 0*y**3 - 13. Determine u(0).
-13
Let f(b) = 2*b**3 - 19*b**2 + 8*b + 4. Let r = 7 + -14. Let h(l) = l**2 + l**3 + 8*l - 4*l + 2 - 10*l**2. Let o(u) = r*h(u) + 3*f(u). Calculate o(5).
3
Let s(r) = 9*r**3 - 15*r**2 - r - 7. Let w(k) = -4*k**3 + 7*k**2 + 3. Let o(d) = 3*s(d) + 7*w(d). Calculate o(2).
2
Let w(i) = -i**3 + 8*i**2 - 6*i - 6. Suppose 2*d - 4*d = -14. Give w(d).
1
Suppose -i = 3 - 1. Let c(j) be the first derivative of -2*j**2 - j + 2. What is c(i)?
7
Let w(z) be the third derivative of z**5/20 + z**4/6 + z**3/3 - 4*z**2. Give w(-2).
6
Let c(x) = -x - 5. Let h(v) = -2*v. Let n be h(-1). Let i = n + -6. What is c(i)?
-1
Let q(l) = -5*l**2 - 3*l - 2. Let k(w) = -4*w**2 - 2*w - 1. Let z(b) = -4*k(b) + 3*q(b). Let a = -168 + 172. Give z(a).
10
Suppose -6 - 79 = 5*d. Let s = -14 - d. Let t(f) = f**3 - 2*f**2 - f - 3. What is t(s)?
3
Let j(w) be the first derivative of w**2 - 7*w + 9. What is j(7)?
7
Let w(d) = 6*d**3 - 7*d + 5. Let n(o) = -3*o**3 + 3*o - 2. Let j(u) = -5*n(u) - 2*w(u). Determine j(-1).
-2
Let y(f) = f**3 - 3*f - 3. Let k(n) = 2*n - 7. Let m be k(3). Let w(a) = a - 1. Let p be w(m). Calculate y(p).
-5
Suppose 5*k + 0*k - 20 = 0. Let j(s) = 3*s + k*s**2 + 4 - 3*s**2 - 2*s. What is j(-4)?
16
Suppose 5*j = -0*j. Suppose -10*u + 7*u - 15 = j. Let o(t) = t**2 + 4*t + 2. Determine o(u).
7